{"id":2549,"date":"2021-10-15T15:32:39","date_gmt":"2021-10-15T15:32:39","guid":{"rendered":"http:\/\/edit.uta.cl\/portafoliosDM\/?page_id=2549"},"modified":"2025-08-07T01:27:08","modified_gmt":"2025-08-07T01:27:08","slug":"inicio","status":"publish","type":"page","link":"https:\/\/edit.uta.cl\/portafoliosDM\/","title":{"rendered":"Inicio"},"content":{"rendered":"\t\t<div data-elementor-type=\"wp-page\" data-elementor-id=\"2549\" class=\"elementor elementor-2549\" data-elementor-post-type=\"page\">\n\t\t\t\t\t\t<section class=\"elementor-section elementor-top-section elementor-element elementor-element-6fa39b8 elementor-section-full_width elementor-section-height-default elementor-section-height-default\" data-id=\"6fa39b8\" data-element_type=\"section\" data-settings=\"{&quot;background_background&quot;:&quot;classic&quot;}\">\n\t\t\t\t\t\t<div class=\"elementor-container elementor-column-gap-default\">\n\t\t\t\t\t<div class=\"elementor-column elementor-col-100 elementor-top-column elementor-element elementor-element-5c28f39\" data-id=\"5c28f39\" data-element_type=\"column\">\n\t\t\t<div class=\"elementor-widget-wrap elementor-element-populated\">\n\t\t\t\t\t\t<section class=\"elementor-section elementor-inner-section elementor-element elementor-element-01e36db elementor-section-boxed elementor-section-height-default elementor-section-height-default\" data-id=\"01e36db\" data-element_type=\"section\" data-settings=\"{&quot;background_background&quot;:&quot;gradient&quot;}\">\n\t\t\t\t\t\t<div class=\"elementor-container elementor-column-gap-default\">\n\t\t\t\t\t<div class=\"elementor-column elementor-col-50 elementor-inner-column elementor-element elementor-element-bcaa4ef\" data-id=\"bcaa4ef\" data-element_type=\"column\">\n\t\t\t<div class=\"elementor-widget-wrap elementor-element-populated\">\n\t\t\t\t\t\t<div class=\"elementor-element elementor-element-b97fa8f elementor-widget elementor-widget-image\" data-id=\"b97fa8f\" data-element_type=\"widget\" data-widget_type=\"image.default\">\n\t\t\t\t<div class=\"elementor-widget-container\">\n\t\t\t\t\t\t\t\t\t\t\t\t\t\t\t\t<a href=\"https:\/\/edit.uta.cl\/portafoliosDM\">\n\t\t\t\t\t\t\t<img fetchpriority=\"high\" decoding=\"async\" width=\"940\" height=\"287\" src=\"https:\/\/edit.uta.cl\/portafoliosDM\/wp-content\/uploads\/2021\/10\/logo_portafolios-02-1024x313.png\" class=\"attachment-large size-large wp-image-2552\" alt=\"\" srcset=\"https:\/\/edit.uta.cl\/portafoliosDM\/wp-content\/uploads\/2021\/10\/logo_portafolios-02-1024x313.png 1024w, https:\/\/edit.uta.cl\/portafoliosDM\/wp-content\/uploads\/2021\/10\/logo_portafolios-02-300x92.png 300w, https:\/\/edit.uta.cl\/portafoliosDM\/wp-content\/uploads\/2021\/10\/logo_portafolios-02-768x235.png 768w, https:\/\/edit.uta.cl\/portafoliosDM\/wp-content\/uploads\/2021\/10\/logo_portafolios-02-50x15.png 50w, https:\/\/edit.uta.cl\/portafoliosDM\/wp-content\/uploads\/2021\/10\/logo_portafolios-02.png 1170w\" sizes=\"(max-width: 940px) 100vw, 940px\" \/>\t\t\t\t\t\t\t\t<\/a>\n\t\t\t\t\t\t\t\t\t\t\t\t\t\t\t<\/div>\n\t\t\t\t<\/div>\n\t\t\t\t\t<\/div>\n\t\t<\/div>\n\t\t\t\t<div class=\"elementor-column elementor-col-50 elementor-inner-column elementor-element elementor-element-986d3be\" data-id=\"986d3be\" data-element_type=\"column\">\n\t\t\t<div class=\"elementor-widget-wrap elementor-element-populated\">\n\t\t\t\t\t\t<div class=\"elementor-element elementor-element-213d617 elementor-nav-menu__align-end elementor-nav-menu__text-align-center elementor-nav-menu--dropdown-mobile elementor-nav-menu--stretch elementor-nav-menu--toggle elementor-nav-menu--burger elementor-widget elementor-widget-nav-menu\" data-id=\"213d617\" data-element_type=\"widget\" data-settings=\"{&quot;submenu_icon&quot;:{&quot;value&quot;:&quot;&lt;i class=\\&quot;fas fa-angle-down\\&quot;&gt;&lt;\\\/i&gt;&quot;,&quot;library&quot;:&quot;fa-solid&quot;},&quot;full_width&quot;:&quot;stretch&quot;,&quot;layout&quot;:&quot;horizontal&quot;,&quot;toggle&quot;:&quot;burger&quot;}\" data-widget_type=\"nav-menu.default\">\n\t\t\t\t<div class=\"elementor-widget-container\">\n\t\t\t\t\t\t\t\t<nav aria-label=\"Men\u00fa\" class=\"elementor-nav-menu--main elementor-nav-menu__container elementor-nav-menu--layout-horizontal e--pointer-none\">\n\t\t\t\t<ul id=\"menu-1-213d617\" class=\"elementor-nav-menu\"><li class=\"menu-item menu-item-type-post_type menu-item-object-page menu-item-home menu-item-2690\"><a href=\"https:\/\/edit.uta.cl\/portafoliosDM\/\" class=\"elementor-item\">INICIO<\/a><\/li>\n<li class=\"menu-item menu-item-type-custom menu-item-object-custom menu-item-296\"><a target=\"_blank\" rel=\"noopener\" href=\"http:\/\/edit.uta.cl\/dm\" class=\"elementor-item\">DM<\/a><\/li>\n<li class=\"menu-item menu-item-type-custom menu-item-object-custom menu-item-has-children menu-item-75\"><a href=\"#\" class=\"elementor-item elementor-item-anchor\">PR\u00c1CTICAS<\/a>\n<ul class=\"sub-menu elementor-nav-menu--dropdown\">\n\t<li class=\"menu-item menu-item-type-custom menu-item-object-custom menu-item-has-children menu-item-323\"><a href=\"#\" class=\"elementor-sub-item elementor-item-anchor\">Pr\u00e1ctica Laboral I<\/a>\n\t<ul class=\"sub-menu elementor-nav-menu--dropdown\">\n\t\t<li class=\"menu-item menu-item-type-post_type menu-item-object-page menu-item-79\"><a href=\"https:\/\/edit.uta.cl\/portafoliosDM\/index.php\/practica-laboral-i\/\" class=\"elementor-sub-item\">Por \u00e1reas<\/a><\/li>\n\t\t<li class=\"menu-item menu-item-type-post_type menu-item-object-page menu-item-326\"><a href=\"https:\/\/edit.uta.cl\/portafoliosDM\/index.php\/practica-profesional-i-anos\/\" class=\"elementor-sub-item\">Por a\u00f1os<\/a><\/li>\n\t<\/ul>\n<\/li>\n\t<li class=\"menu-item menu-item-type-custom menu-item-object-custom menu-item-has-children menu-item-375\"><a href=\"#\" class=\"elementor-sub-item elementor-item-anchor\">Pr\u00e1ctica Laboral II<\/a>\n\t<ul class=\"sub-menu elementor-nav-menu--dropdown\">\n\t\t<li class=\"menu-item menu-item-type-post_type menu-item-object-page menu-item-86\"><a href=\"https:\/\/edit.uta.cl\/portafoliosDM\/index.php\/practica-laboral-ii\/\" class=\"elementor-sub-item\">Por \u00e1reas<\/a><\/li>\n\t\t<li class=\"menu-item menu-item-type-post_type menu-item-object-page menu-item-1199\"><a href=\"https:\/\/edit.uta.cl\/portafoliosDM\/index.php\/practica-laboral-ii-anos\/\" class=\"elementor-sub-item\">Por a\u00f1os<\/a><\/li>\n\t<\/ul>\n<\/li>\n\t<li class=\"menu-item menu-item-type-custom menu-item-object-custom menu-item-has-children menu-item-447\"><a href=\"#\" class=\"elementor-sub-item elementor-item-anchor\">Pr\u00e1ctica Profesional<\/a>\n\t<ul class=\"sub-menu elementor-nav-menu--dropdown\">\n\t\t<li class=\"menu-item menu-item-type-post_type menu-item-object-page menu-item-119\"><a href=\"https:\/\/edit.uta.cl\/portafoliosDM\/index.php\/practica-profesional\/\" class=\"elementor-sub-item\">Por \u00e1reas<\/a><\/li>\n\t\t<li class=\"menu-item menu-item-type-post_type menu-item-object-page menu-item-1205\"><a href=\"https:\/\/edit.uta.cl\/portafoliosDM\/index.php\/practica-profesional1\/\" class=\"elementor-sub-item\">Por a\u00f1os<\/a><\/li>\n\t<\/ul>\n<\/li>\n<\/ul>\n<\/li>\n<li class=\"menu-item menu-item-type-custom menu-item-object-custom menu-item-has-children menu-item-225\"><a href=\"#\" class=\"elementor-item elementor-item-anchor\">CENTROS DE PR\u00c1CTICA<\/a>\n<ul class=\"sub-menu elementor-nav-menu--dropdown\">\n\t<li class=\"menu-item menu-item-type-post_type menu-item-object-page menu-item-226\"><a href=\"https:\/\/edit.uta.cl\/portafoliosDM\/index.php\/centros-de-practica\/\" class=\"elementor-sub-item\">Regionales<\/a><\/li>\n\t<li class=\"menu-item menu-item-type-post_type menu-item-object-page menu-item-237\"><a href=\"https:\/\/edit.uta.cl\/portafoliosDM\/index.php\/nacionales\/\" class=\"elementor-sub-item\">Nacionales<\/a><\/li>\n<\/ul>\n<\/li>\n<\/ul>\t\t\t<\/nav>\n\t\t\t\t\t<div class=\"elementor-menu-toggle\" role=\"button\" tabindex=\"0\" aria-label=\"Alternar men\u00fa\" aria-expanded=\"false\">\n\t\t\t<i aria-hidden=\"true\" role=\"presentation\" class=\"elementor-menu-toggle__icon--open eicon-menu-bar\"><\/i><i aria-hidden=\"true\" role=\"presentation\" class=\"elementor-menu-toggle__icon--close eicon-close\"><\/i>\t\t<\/div>\n\t\t\t\t\t<nav class=\"elementor-nav-menu--dropdown elementor-nav-menu__container\" aria-hidden=\"true\">\n\t\t\t\t<ul id=\"menu-2-213d617\" class=\"elementor-nav-menu\"><li class=\"menu-item menu-item-type-post_type menu-item-object-page menu-item-home menu-item-2690\"><a href=\"https:\/\/edit.uta.cl\/portafoliosDM\/\" class=\"elementor-item\" tabindex=\"-1\">INICIO<\/a><\/li>\n<li class=\"menu-item menu-item-type-custom menu-item-object-custom menu-item-296\"><a target=\"_blank\" rel=\"noopener\" href=\"http:\/\/edit.uta.cl\/dm\" class=\"elementor-item\" tabindex=\"-1\">DM<\/a><\/li>\n<li class=\"menu-item menu-item-type-custom menu-item-object-custom menu-item-has-children menu-item-75\"><a href=\"#\" class=\"elementor-item elementor-item-anchor\" tabindex=\"-1\">PR\u00c1CTICAS<\/a>\n<ul class=\"sub-menu elementor-nav-menu--dropdown\">\n\t<li class=\"menu-item menu-item-type-custom menu-item-object-custom menu-item-has-children menu-item-323\"><a href=\"#\" class=\"elementor-sub-item elementor-item-anchor\" tabindex=\"-1\">Pr\u00e1ctica Laboral I<\/a>\n\t<ul class=\"sub-menu elementor-nav-menu--dropdown\">\n\t\t<li class=\"menu-item menu-item-type-post_type menu-item-object-page menu-item-79\"><a href=\"https:\/\/edit.uta.cl\/portafoliosDM\/index.php\/practica-laboral-i\/\" class=\"elementor-sub-item\" tabindex=\"-1\">Por \u00e1reas<\/a><\/li>\n\t\t<li class=\"menu-item menu-item-type-post_type menu-item-object-page menu-item-326\"><a href=\"https:\/\/edit.uta.cl\/portafoliosDM\/index.php\/practica-profesional-i-anos\/\" class=\"elementor-sub-item\" tabindex=\"-1\">Por a\u00f1os<\/a><\/li>\n\t<\/ul>\n<\/li>\n\t<li class=\"menu-item menu-item-type-custom menu-item-object-custom menu-item-has-children menu-item-375\"><a href=\"#\" class=\"elementor-sub-item elementor-item-anchor\" tabindex=\"-1\">Pr\u00e1ctica Laboral II<\/a>\n\t<ul class=\"sub-menu elementor-nav-menu--dropdown\">\n\t\t<li class=\"menu-item menu-item-type-post_type menu-item-object-page menu-item-86\"><a href=\"https:\/\/edit.uta.cl\/portafoliosDM\/index.php\/practica-laboral-ii\/\" class=\"elementor-sub-item\" tabindex=\"-1\">Por \u00e1reas<\/a><\/li>\n\t\t<li class=\"menu-item menu-item-type-post_type menu-item-object-page menu-item-1199\"><a href=\"https:\/\/edit.uta.cl\/portafoliosDM\/index.php\/practica-laboral-ii-anos\/\" class=\"elementor-sub-item\" tabindex=\"-1\">Por a\u00f1os<\/a><\/li>\n\t<\/ul>\n<\/li>\n\t<li class=\"menu-item menu-item-type-custom menu-item-object-custom menu-item-has-children menu-item-447\"><a href=\"#\" class=\"elementor-sub-item elementor-item-anchor\" tabindex=\"-1\">Pr\u00e1ctica Profesional<\/a>\n\t<ul class=\"sub-menu elementor-nav-menu--dropdown\">\n\t\t<li class=\"menu-item menu-item-type-post_type menu-item-object-page menu-item-119\"><a href=\"https:\/\/edit.uta.cl\/portafoliosDM\/index.php\/practica-profesional\/\" class=\"elementor-sub-item\" tabindex=\"-1\">Por \u00e1reas<\/a><\/li>\n\t\t<li class=\"menu-item menu-item-type-post_type menu-item-object-page menu-item-1205\"><a href=\"https:\/\/edit.uta.cl\/portafoliosDM\/index.php\/practica-profesional1\/\" class=\"elementor-sub-item\" tabindex=\"-1\">Por a\u00f1os<\/a><\/li>\n\t<\/ul>\n<\/li>\n<\/ul>\n<\/li>\n<li class=\"menu-item menu-item-type-custom menu-item-object-custom menu-item-has-children menu-item-225\"><a href=\"#\" class=\"elementor-item elementor-item-anchor\" tabindex=\"-1\">CENTROS DE PR\u00c1CTICA<\/a>\n<ul class=\"sub-menu elementor-nav-menu--dropdown\">\n\t<li class=\"menu-item menu-item-type-post_type menu-item-object-page menu-item-226\"><a href=\"https:\/\/edit.uta.cl\/portafoliosDM\/index.php\/centros-de-practica\/\" class=\"elementor-sub-item\" tabindex=\"-1\">Regionales<\/a><\/li>\n\t<li class=\"menu-item menu-item-type-post_type menu-item-object-page menu-item-237\"><a href=\"https:\/\/edit.uta.cl\/portafoliosDM\/index.php\/nacionales\/\" class=\"elementor-sub-item\" tabindex=\"-1\">Nacionales<\/a><\/li>\n<\/ul>\n<\/li>\n<\/ul>\t\t\t<\/nav>\n\t\t\t\t\t\t<\/div>\n\t\t\t\t<\/div>\n\t\t\t\t\t<\/div>\n\t\t<\/div>\n\t\t\t\t\t<\/div>\n\t\t<\/section>\n\t\t\t\t<section class=\"elementor-section elementor-inner-section elementor-element elementor-element-c12a267 elementor-section-full_width elementor-section-height-full elementor-section-height-default\" data-id=\"c12a267\" data-element_type=\"section\">\n\t\t\t\t\t\t<div class=\"elementor-container elementor-column-gap-default\">\n\t\t\t\t\t<div class=\"elementor-column elementor-col-33 elementor-inner-column elementor-element elementor-element-fadf2b5\" data-id=\"fadf2b5\" data-element_type=\"column\" data-settings=\"{&quot;background_background&quot;:&quot;gradient&quot;}\">\n\t\t\t<div class=\"elementor-widget-wrap elementor-element-populated\">\n\t\t\t\t\t<div class=\"elementor-background-overlay\"><\/div>\n\t\t\t\t\t\t<div class=\"elementor-element elementor-element-b9a0adf elementor-widget elementor-widget-heading\" data-id=\"b9a0adf\" data-element_type=\"widget\" data-widget_type=\"heading.default\">\n\t\t\t\t<div class=\"elementor-widget-container\">\n\t\t\t\t\t<h2 class=\"elementor-heading-title elementor-size-default\">Pr\u00e1ctica<br>Laboral I<\/h2>\t\t\t\t<\/div>\n\t\t\t\t<\/div>\n\t\t\t\t<div class=\"elementor-element elementor-element-ef8cdbb elementor-hidden-tablet elementor-hidden-mobile elementor-widget elementor-widget-testimonial\" data-id=\"ef8cdbb\" data-element_type=\"widget\" data-widget_type=\"testimonial.default\">\n\t\t\t\t<div class=\"elementor-widget-container\">\n\t\t\t\t\t\t\t<div class=\"elementor-testimonial-wrapper\">\n\t\t\t\t\t\t\t<div class=\"elementor-testimonial-content\">Pr\u00e1ctica cursada en el III semestre de la carrera, en donde el estudiante es capaz de crear isologotipos, realizar afiches, aplicar teor\u00eda del color, trabajar tipograf\u00edas, realizar ilustraciones a mano alzada y\/o digitales y realizar fotograf\u00edas publicitarias.\n<\/div>\n\t\t\t\n\t\t\t\t\t<\/div>\n\t\t\t\t\t\t<\/div>\n\t\t\t\t<\/div>\n\t\t\t\t<div class=\"elementor-element elementor-element-b9ed0e0 elementor-icon-list--layout-traditional elementor-list-item-link-full_width elementor-widget elementor-widget-icon-list\" data-id=\"b9ed0e0\" data-element_type=\"widget\" data-widget_type=\"icon-list.default\">\n\t\t\t\t<div class=\"elementor-widget-container\">\n\t\t\t\t\t\t\t<ul class=\"elementor-icon-list-items\">\n\t\t\t\t\t\t\t<li class=\"elementor-icon-list-item\">\n\t\t\t\t\t\t\t\t\t\t\t<a href=\"http:\/\/edit.uta.cl\/portafoliosDM\/index.php\/practica-laboral-i\/\">\n\n\t\t\t\t\t\t\t\t\t\t\t\t<span class=\"elementor-icon-list-icon\">\n\t\t\t\t\t\t\t<i aria-hidden=\"true\" class=\"fas fa-long-arrow-alt-right\"><\/i>\t\t\t\t\t\t<\/span>\n\t\t\t\t\t\t\t\t\t\t<span class=\"elementor-icon-list-text\">Ver por \u00e1reas<\/span>\n\t\t\t\t\t\t\t\t\t\t\t<\/a>\n\t\t\t\t\t\t\t\t\t<\/li>\n\t\t\t\t\t\t\t\t<li class=\"elementor-icon-list-item\">\n\t\t\t\t\t\t\t\t\t\t\t<a href=\"http:\/\/edit.uta.cl\/portafoliosDM\/index.php\/practica-profesional-i-anos\/\">\n\n\t\t\t\t\t\t\t\t\t\t\t\t<span class=\"elementor-icon-list-icon\">\n\t\t\t\t\t\t\t<i aria-hidden=\"true\" class=\"fas fa-long-arrow-alt-right\"><\/i>\t\t\t\t\t\t<\/span>\n\t\t\t\t\t\t\t\t\t\t<span class=\"elementor-icon-list-text\">Ver por a\u00f1os<\/span>\n\t\t\t\t\t\t\t\t\t\t\t<\/a>\n\t\t\t\t\t\t\t\t\t<\/li>\n\t\t\t\t\t\t<\/ul>\n\t\t\t\t\t\t<\/div>\n\t\t\t\t<\/div>\n\t\t\t\t\t<\/div>\n\t\t<\/div>\n\t\t\t\t<div class=\"elementor-column elementor-col-33 elementor-inner-column elementor-element elementor-element-8572dc5\" data-id=\"8572dc5\" data-element_type=\"column\" data-settings=\"{&quot;background_background&quot;:&quot;gradient&quot;}\">\n\t\t\t<div class=\"elementor-widget-wrap elementor-element-populated\">\n\t\t\t\t\t<div class=\"elementor-background-overlay\"><\/div>\n\t\t\t\t\t\t<div class=\"elementor-element elementor-element-95cac59 elementor-widget elementor-widget-heading\" data-id=\"95cac59\" data-element_type=\"widget\" data-widget_type=\"heading.default\">\n\t\t\t\t<div class=\"elementor-widget-container\">\n\t\t\t\t\t<h2 class=\"elementor-heading-title elementor-size-default\">Pr\u00e1ctica<br>Laboral II<\/h2>\t\t\t\t<\/div>\n\t\t\t\t<\/div>\n\t\t\t\t<div class=\"elementor-element elementor-element-95b465c elementor-hidden-tablet elementor-hidden-mobile elementor-widget elementor-widget-testimonial\" data-id=\"95b465c\" data-element_type=\"widget\" data-widget_type=\"testimonial.default\">\n\t\t\t\t<div class=\"elementor-widget-container\">\n\t\t\t\t\t\t\t<div class=\"elementor-testimonial-wrapper\">\n\t\t\t\t\t\t\t<div class=\"elementor-testimonial-content\">Pr\u00e1ctica desarrollada en el IV semestre de la carrera, en ella el estudiante es capaz de crear documentos interactivos, demostrar conocimientos b\u00e1sicos en dise\u00f1o de p\u00e1gina web y en edici\u00f3n y producci\u00f3n de videos digitales; adem\u00e1s, de realizar todo lo anteriormente detallado en la Pr\u00e1ctica Laboral I.\n<\/div>\n\t\t\t\n\t\t\t\t\t<\/div>\n\t\t\t\t\t\t<\/div>\n\t\t\t\t<\/div>\n\t\t\t\t<div class=\"elementor-element elementor-element-c8c08b8 elementor-icon-list--layout-traditional elementor-list-item-link-full_width elementor-widget elementor-widget-icon-list\" data-id=\"c8c08b8\" data-element_type=\"widget\" data-widget_type=\"icon-list.default\">\n\t\t\t\t<div class=\"elementor-widget-container\">\n\t\t\t\t\t\t\t<ul class=\"elementor-icon-list-items\">\n\t\t\t\t\t\t\t<li class=\"elementor-icon-list-item\">\n\t\t\t\t\t\t\t\t\t\t\t<a href=\"http:\/\/edit.uta.cl\/portafoliosDM\/index.php\/practica-laboral-ii\/\">\n\n\t\t\t\t\t\t\t\t\t\t\t\t<span class=\"elementor-icon-list-icon\">\n\t\t\t\t\t\t\t<i aria-hidden=\"true\" class=\"fas fa-long-arrow-alt-right\"><\/i>\t\t\t\t\t\t<\/span>\n\t\t\t\t\t\t\t\t\t\t<span class=\"elementor-icon-list-text\">Ver por \u00e1reas<\/span>\n\t\t\t\t\t\t\t\t\t\t\t<\/a>\n\t\t\t\t\t\t\t\t\t<\/li>\n\t\t\t\t\t\t\t\t<li class=\"elementor-icon-list-item\">\n\t\t\t\t\t\t\t\t\t\t\t<a href=\"http:\/\/edit.uta.cl\/portafoliosDM\/index.php\/practica-laboral-ii-anos\/\">\n\n\t\t\t\t\t\t\t\t\t\t\t\t<span class=\"elementor-icon-list-icon\">\n\t\t\t\t\t\t\t<i aria-hidden=\"true\" class=\"fas fa-long-arrow-alt-right\"><\/i>\t\t\t\t\t\t<\/span>\n\t\t\t\t\t\t\t\t\t\t<span class=\"elementor-icon-list-text\">Ver por a\u00f1os<\/span>\n\t\t\t\t\t\t\t\t\t\t\t<\/a>\n\t\t\t\t\t\t\t\t\t<\/li>\n\t\t\t\t\t\t<\/ul>\n\t\t\t\t\t\t<\/div>\n\t\t\t\t<\/div>\n\t\t\t\t\t<\/div>\n\t\t<\/div>\n\t\t\t\t<div class=\"elementor-column elementor-col-33 elementor-inner-column elementor-element elementor-element-76708d5\" data-id=\"76708d5\" data-element_type=\"column\" data-settings=\"{&quot;background_background&quot;:&quot;gradient&quot;}\">\n\t\t\t<div class=\"elementor-widget-wrap elementor-element-populated\">\n\t\t\t\t\t<div class=\"elementor-background-overlay\"><\/div>\n\t\t\t\t\t\t<div class=\"elementor-element elementor-element-f8afb98 elementor-widget elementor-widget-heading\" data-id=\"f8afb98\" data-element_type=\"widget\" data-widget_type=\"heading.default\">\n\t\t\t\t<div class=\"elementor-widget-container\">\n\t\t\t\t\t<h2 class=\"elementor-heading-title elementor-size-default\">Pr\u00e1ctica<br>Profesional<\/h2>\t\t\t\t<\/div>\n\t\t\t\t<\/div>\n\t\t\t\t<div class=\"elementor-element elementor-element-ed4db54 elementor-hidden-tablet elementor-hidden-mobile elementor-widget elementor-widget-testimonial\" data-id=\"ed4db54\" data-element_type=\"widget\" data-widget_type=\"testimonial.default\">\n\t\t\t\t<div class=\"elementor-widget-container\">\n\t\t\t\t\t\t\t<div class=\"elementor-testimonial-wrapper\">\n\t\t\t\t\t\t\t<div class=\"elementor-testimonial-content\">Pr\u00e1ctica cursada en el VII semestre de la carrera, en donde el estudiante es capaz de diagramar, editar y confeccionar figuras gr\u00e1ficas, codificar y decodificar mensajes visuales, demostrar conocimientos b\u00e1sicos en marketing y publicidad, desarrollar proyectos de sitio web, proyecto multimediales comunicacionales y\/o educacionales empleando TIC, proyectos en animaci\u00f3n digital y videojuegos; asimismo llevar a cabo las competencias de la Pr\u00e1ctica Laboral I y II.<\/div>\n\t\t\t\n\t\t\t\t\t<\/div>\n\t\t\t\t\t\t<\/div>\n\t\t\t\t<\/div>\n\t\t\t\t<div class=\"elementor-element elementor-element-157e63e elementor-icon-list--layout-traditional elementor-list-item-link-full_width elementor-widget elementor-widget-icon-list\" data-id=\"157e63e\" data-element_type=\"widget\" data-widget_type=\"icon-list.default\">\n\t\t\t\t<div class=\"elementor-widget-container\">\n\t\t\t\t\t\t\t<ul class=\"elementor-icon-list-items\">\n\t\t\t\t\t\t\t<li class=\"elementor-icon-list-item\">\n\t\t\t\t\t\t\t\t\t\t\t<a href=\"http:\/\/edit.uta.cl\/portafoliosDM\/index.php\/practica-profesional\/\">\n\n\t\t\t\t\t\t\t\t\t\t\t\t<span class=\"elementor-icon-list-icon\">\n\t\t\t\t\t\t\t<i aria-hidden=\"true\" class=\"fas fa-long-arrow-alt-right\"><\/i>\t\t\t\t\t\t<\/span>\n\t\t\t\t\t\t\t\t\t\t<span class=\"elementor-icon-list-text\">Ver por \u00e1reas<\/span>\n\t\t\t\t\t\t\t\t\t\t\t<\/a>\n\t\t\t\t\t\t\t\t\t<\/li>\n\t\t\t\t\t\t\t\t<li class=\"elementor-icon-list-item\">\n\t\t\t\t\t\t\t\t\t\t\t<a href=\"http:\/\/edit.uta.cl\/portafoliosDM\/index.php\/practica-profesional1\/\">\n\n\t\t\t\t\t\t\t\t\t\t\t\t<span class=\"elementor-icon-list-icon\">\n\t\t\t\t\t\t\t<i aria-hidden=\"true\" class=\"fas fa-long-arrow-alt-right\"><\/i>\t\t\t\t\t\t<\/span>\n\t\t\t\t\t\t\t\t\t\t<span class=\"elementor-icon-list-text\">Ver por a\u00f1os<\/span>\n\t\t\t\t\t\t\t\t\t\t\t<\/a>\n\t\t\t\t\t\t\t\t\t<\/li>\n\t\t\t\t\t\t<\/ul>\n\t\t\t\t\t\t<\/div>\n\t\t\t\t<\/div>\n\t\t\t\t\t<\/div>\n\t\t<\/div>\n\t\t\t\t\t<\/div>\n\t\t<\/section>\n\t\t\t\t\t<\/div>\n\t\t<\/div>\n\t\t\t\t\t<\/div>\n\t\t<\/section>\n\t\t\t\t<\/div>\n\t\t","protected":false},"excerpt":{"rendered":"<p>Pr\u00e1cticaLaboral I Pr\u00e1ctica cursada en el III semestre de la carrera, en donde el estudiante es capaz de crear isologotipos, realizar afiches, aplicar teor\u00eda del color, trabajar tipograf\u00edas, realizar ilustraciones a mano alzada y\/o digitales y realizar fotograf\u00edas publicitarias. Ver por \u00e1reas Ver por a\u00f1os Pr\u00e1cticaLaboral II Pr\u00e1ctica desarrollada en el IV semestre de la carrera, en ella el estudiante es capaz de crear documentos interactivos, demostrar conocimientos b\u00e1sicos en dise\u00f1o de p\u00e1gina web y en edici\u00f3n y producci\u00f3n de videos digitales; adem\u00e1s, de realizar todo lo anteriormente detallado en la Pr\u00e1ctica Laboral I. Ver por \u00e1reas Ver por a\u00f1os Pr\u00e1cticaProfesional Pr\u00e1ctica cursada en el VII semestre de la carrera, en donde el estudiante es capaz de diagramar, editar y confeccionar figuras gr\u00e1ficas, codificar y decodificar mensajes visuales, demostrar conocimientos b\u00e1sicos en marketing y publicidad, desarrollar proyectos de sitio web, proyecto multimediales comunicacionales y\/o educacionales empleando TIC, proyectos en animaci\u00f3n digital y videojuegos; asimismo llevar a cabo las competencias de la Pr\u00e1ctica Laboral I y II. Ver por \u00e1reas Ver por a\u00f1os<\/p>\n","protected":false},"author":1,"featured_media":0,"parent":0,"menu_order":0,"comment_status":"closed","ping_status":"closed","template":"elementor_canvas","meta":{"footnotes":""},"class_list":["post-2549","page","type-page","status-publish","hentry"],"_links":{"self":[{"href":"https:\/\/edit.uta.cl\/portafoliosDM\/index.php\/wp-json\/wp\/v2\/pages\/2549"}],"collection":[{"href":"https:\/\/edit.uta.cl\/portafoliosDM\/index.php\/wp-json\/wp\/v2\/pages"}],"about":[{"href":"https:\/\/edit.uta.cl\/portafoliosDM\/index.php\/wp-json\/wp\/v2\/types\/page"}],"author":[{"embeddable":true,"href":"https:\/\/edit.uta.cl\/portafoliosDM\/index.php\/wp-json\/wp\/v2\/users\/1"}],"replies":[{"embeddable":true,"href":"https:\/\/edit.uta.cl\/portafoliosDM\/index.php\/wp-json\/wp\/v2\/comments?post=2549"}],"version-history":[{"count":157,"href":"https:\/\/edit.uta.cl\/portafoliosDM\/index.php\/wp-json\/wp\/v2\/pages\/2549\/revisions"}],"predecessor-version":[{"id":4640,"href":"https:\/\/edit.uta.cl\/portafoliosDM\/index.php\/wp-json\/wp\/v2\/pages\/2549\/revisions\/4640"}],"wp:attachment":[{"href":"https:\/\/edit.uta.cl\/portafoliosDM\/index.php\/wp-json\/wp\/v2\/media?parent=2549"}],"curies":[{"name":"wp","href":"https:\/\/api.w.org\/{rel}","templated":true}]}}